er when 265520 is divided by 817?
812
Calculate the remainder when 10026 is divided by 10012.
14
Calculate the remainder when 10798 is divided by 3594.
16
Calculate the remainder when 119005 is divided by 680.
5
Calculate the remainder when 59497 is divided by 211.
206
What is the remainder when 29091 is divided by 2076?
27
What is the remainder when 25098 is divided by 16?
10
Calculate the remainder when 235851 is divided by 24.
3
What is the remainder when 83524 is divided by 1900?
1824
What is the remainder when 20379 is divided by 20?
19
Calculate the remainder when 146410 is divided by 12.
10
What is the remainder when 8537 is divided by 192?
89
Calculate the remainder when 42335 is divided by 23.
15
Calculate the remainder when 101747 is divided by 14.
9
Calculate the remainder when 1702090 is divided by 1762.
1760
What is the remainder when 122394 is divided by 8?
2
Calculate the remainder when 4633 is divided by 169.
70
What is the remainder when 6392 is divided by 81?
74
Calculate the remainder when 11366 is divided by 118.
38
Calculate the remainder when 3886 is divided by 39.
25
What is the remainder when 1205 is divided by 13?
9
Calculate the remainder when 79452 is divided by 1032.
1020
What is the remainder when 32213 is divided by 2677?
89
What is the remainder when 29986 is divided by 238?
236
What is the remainder when 6573 is divided by 597?
6
Calculate the remainder when 2853 is divided by 53.
44
What is the remainder when 13201 is divided by 2608?
161
What is the remainder when 27252 is divided by 27245?
7
What is the remainder when 612 is divided by 145?
32
Calculate the remainder when 34358 is divided by 3434.
18
Calculate the remainder when 29020 is divided by 60.
40
What is the remainder when 38568 is divided by 19270?
28
What is the remainder when 17308 is divided by 375?
58
What is the remainder when 1636 is divided by 1023?
613
Calculate the remainder when 7457 is divided by 3687.
83
Calculate the remainder when 3102 is divided by 135.
132
Calculate the remainder when 98110 is divided by 7006.
26
Calculate the remainder when 228897 is divided by 15.
12
What is the remainder when 1267 is divided by 63?
7
Calculate the remainder when 352 is divided by 132.
88
What is the remainder when 5127 is divided by 2033?
1061
What is the remainder when 52805 is divided by 92?
89
Calculate the remainder when 3515 is divided by 24.
11
Calculate the remainder when 8878 is divided by 162.
130
Calculate the remainder when 92440 is divided by 25.
15
Calculate the remainder when 982 is divided by 50.
32
What is the remainder when 30468 is divided by 108?
12
What is the remainder when 74 is divided by 67?
7
What is the remainder when 2350 is divided by 84?
82
Calculate the remainder when 640827 is divided by 41.
38
What is the remainder when 14972 is divided by 454?
444
Calculate the remainder when 8680 is divided by 8664.
16
What is the remainder when 254350 is divided by 25435?
0
Calculate the remainder when 101701 is divided by 1497.
1402
What is the remainder when 11785 is divided by 533?
59
What is the remainder when 37360 is divided by 849?
4
Calculate the remainder when 10857 is divided by 61.
60
What is the remainder when 2262 is divided by 173?
13
What is the remainder when 7433 is divided by 103?
17
What is the remainder when 8596 is divided by 310?
226
What is the remainder when 29172 is divided by 41?
21
What is the remainder when 13163 is divided by 13151?
12
Calculate the remainder when 112025 is divided by 37296.
137
Calculate the remainder when 297248 is divided by 65.
3
Calculate the remainder when 23619 is divided by 127.
124
What is the remainder when 7743958 is divided by 439?
437
What is the remainder when 54748 is divided by 28?
8
What is the remainder when 12387 is divided by 1392?
1251
What is the remainder when 54770 is divided by 771?
29
Calculate the remainder when 14793 is divided by 15.
3
What is the remainder when 66554 is divided by 9505?
19
Calculate the remainder when 34900 is divided by 8721.
16
What is the remainder when 9055 is divided by 21?
4
What is the remainder when 31711 is divided by 31?
29
Calculate the remainder when 26623 is divided by 13303.
17
Calculate the remainder when 3830 is divided by 110.
90
Calculate the remainder when 16981 is divided by 100.
81
Calculate the remainder when 32702 is divided by 244.
6
Calculate the remainder when 32203 is divided by 235.
8
Calculate the remainder when 29191 is divided by 120.
31
What is the remainder when 123478 is divided by 521?
1
Calculate the remainder when 79289 is divided by 614.
83
Calculate the remainder when 15000 is divided by 653.
634
Calculate the remainder when 24284 is divided by 6060.
44
Calculate the remainder when 635249 is divided by 62.
59
Calculate the remainder when 149004 is divided by 26.
24
What is the remainder when 33826 is divided by 229?
163
Calculate the remainder when 13325 is divided by 101.
94
What is the remainder when 1594 is divided by 553?
488
What is the remainder when 17039 is divided by 370?
19
Calculate the remainder when 24949 is divided by 386.
245
What is the remainder when 27205 is divided by 259?
10
What is the remainder when 7059 is divided by 1012?
987
What is the remainder when 306696 is divided by 1?
0
What is the remainder when 2077 is divided by 694?
689
What is the remainder when 3586 is divided by 572?
154
What is the remainder when 907608 is divided by 223?
221
Calculate the remainder when 360048 is divided by 19.
17
Calculate the remainder when 5360 is divided by 68.
56
Calculate the remainder when 211493 is divided by 52825.
193
What is the remainder when 1311175 is divided by 8?
7
Calculate the remainder when 11830 is divided by 5907.
16
What is the remainder when 756 is divided by 376?
4
What is the remainder when 238646 is divided by 119318?
10
What is the remainder when 54755 is divided by 1217?
1207
What is the remainder when 4553 is divided by 350?
3
Calculate the remainder when 13103 is divided by 4343.
74
Calculate the remainder when 1522872 is divided by 375.
372
What is the remainder when 22328 is divided by 4464?
8
Calculate the remainder when 123785 is divided by 138.
137
What is the remainder when 16472 is divided by 499?
5
Calculate the remainder when 173944 is divided by 106.
104
What is the remainder when 15723 is divided by 5222?
57
Calculate the remainder when 1373017 is divided by 395.
392
Calculate the remainder when 1511 is divided by 487.
50
Calculate the remainder when 21320 is divided by 78.
26
What is the remainder when 6456 is divided by 6420?
36
What is the remainder when 17898 is divided by 17889?
9
What is the remainder when 3866 is divided by 167?
25
What is the remainder when 986 is divided by 955?
31
What is the remainder when 295 is divided by 275?
20
Calculate the remainder when 4107 is divided by 1295.
222
What is the remainder when 1124 is divided by 209?
79
What is the remainder when 1896 is divided by 570?
186
Calculate the remainder when 33743 is divided by 49.
31
Calculate the remainder when 382004 is divided by 3157.
7
Calculate the remainder when 19208 is divided by 3193.
50
Calculate the remainder when 3985 is divided by 578.
517
Calculate the remainder when 7669 is divided by 67.
31
Calculate the remainder when 3055 is divided by 131.
42
Calculate the remainder when 72846 is divided by 29.
27
What is the remainder when 1370 is divided by 1062?
308
Calculate the remainder when 257628 is divided by 164.
148
What is the remainder when 74 is divided by 41?
33
Calculate the remainder when 6252 is divided by 6229.
23
Calculate the remainder when 495957 is divided by 34.
33
What is the remainder when 36666 is divided by 370?
36
What is the remainder when 101311 is divided by 340?
331
Calculate the remainder when 119963 is divided by 863.
6
Calculate the remainder when 54212 is divided by 154.
4
What is the remainder when 6129 is divided by 5?
4
What is the remainder when 1858 is divided by 1760?
98
Calculate the remainder when 15623 is divided by 274.
5
Calculate the remainder when 73324 is divided by 282.
4
Calculate the remainder when 2801 is divided by 1349.
103
Calculate the remainder when 58847 is divided by 1015.
992
What is the remainder when 196